4819 prime?
True
Is 1264199 a prime number?
True
Is 55765121 a prime number?
True
Is 1763401 a composite number?
False
Is 8908111 composite?
True
Is 284017457 a composite number?
False
Is 249510007 composite?
False
Is 14264809 a composite number?
True
Is 1572323 a composite number?
False
Is 262851829 a prime number?
True
Is 289543 prime?
True
Is 46939543 prime?
False
Is 90010001 a prime number?
True
Is 106566433 a composite number?
False
Is 87103 composite?
False
Is 54381163 a prime number?
True
Is 4029917 prime?
False
Is 26083021 a prime number?
True
Is 533410049 composite?
False
Is 69278669 composite?
False
Is 38066701 composite?
False
Is 196501733 a prime number?
False
Is 2769967 a composite number?
False
Is 109583687 composite?
True
Is 104049859 prime?
False
Is 294174427 composite?
True
Is 313108673 composite?
False
Is 12366449 composite?
False
Is 6608773 prime?
False
Is 7623409 a prime number?
True
Is 25511491 prime?
True
Is 27446747 a prime number?
True
Is 20517033 a prime number?
False
Is 923602 prime?
False
Is 1136787 a composite number?
True
Is 15952403 a composite number?
True
Is 4597447 prime?
False
Is 4753055 a prime number?
False
Is 5865173 a prime number?
False
Is 311636933 a prime number?
False
Is 9779657 composite?
True
Is 24702773 prime?
True
Is 101627 a prime number?
True
Is 240456901 prime?
True
Is 4887287 a prime number?
True
Is 11081051 a prime number?
True
Is 2368511 prime?
True
Is 1837 a prime number?
False
Is 1215493 a prime number?
False
Is 7535239 a prime number?
True
Is 97058029 a prime number?
False
Is 915437 composite?
False
Is 11803321 prime?
False
Is 76034347 composite?
True
Is 4485367 prime?
True
Is 199488209 prime?
True
Is 116393873 a prime number?
True
Is 5811833 prime?
True
Is 121238671 a composite number?
False
Is 490507 composite?
True
Is 93166741 composite?
True
Is 33049 composite?
False
Is 121953577 prime?
True
Is 52663511 a prime number?
False
Is 5052737 a prime number?
True
Is 45130727 a composite number?
False
Is 2992513 a composite number?
False
Is 96950489 composite?
True
Is 231411111 prime?
False
Is 34949639 composite?
False
Is 10339943 a composite number?
True
Is 540193882 composite?
True
Is 186567 a composite number?
True
Is 6786521 composite?
True
Is 329484857 prime?
False
Is 3776077 a composite number?
False
Is 1254767 composite?
False
Is 621780101 composite?
False
Is 196579979 a prime number?
False
Is 42381281 a prime number?
False
Is 43130233 composite?
True
Is 8258429 composite?
True
Is 887737 prime?
False
Is 83013449 composite?
True
Is 911521 composite?
True
Is 1189283 prime?
False
Is 753521254 composite?
True
Is 14312843 a composite number?
False
Is 19104593 composite?
False
Is 119033381 prime?
False
Is 34254787 a prime number?
False
Is 212049371 a prime number?
False
Is 30630001 prime?
False
Is 9962723 a composite number?
True
Is 7536799 a prime number?
False
Is 182142941 a composite number?
False
Is 846479 composite?
True
Is 19782923 a prime number?
False
Is 145943 a composite number?
True
Is 11435591 a composite number?
True
Is 495623707 a prime number?
False
Is 1593931 a composite number?
False
Is 2297291 composite?
False
Is 831443827 a prime number?
True
Is 135877483 composite?
True
Is 2005667 a composite number?
False
Is 541819 a prime number?
False
Is 5788249 a composite number?
True
Is 10922459 composite?
False
Is 441403757 a composite number?
False
Is 26839987 a prime number?
False
Is 2330449 a prime number?
False
Is 36236399 a prime number?
False
Is 3454765 composite?
True
Is 48722207 composite?
True
Is 10974055 a composite number?
True
Is 4656811 composite?
True
Is 704900003 a prime number?
False
Is 78479267 composite?
False
Is 5625695 a prime number?
False
Is 13693461 prime?
False
Is 58720741 a prime number?
True
Is 95178511 a composite number?
False
Is 9849643 a prime number?
False
Is 35523077 composite?
False
Is 729640019 prime?
False
Is 431674211 a composite number?
False
Is 7848641 a prime number?
False
Is 2978377 prime?
True
Is 59942879 prime?
False
Is 22810543 prime?
False
Is 1329019 a prime number?
False
Is 107763641 a composite number?
False
Is 83089 composite?
False
Is 2038727 a prime number?
False
Is 528346123 a composite number?
False
Is 479303707 prime?
True
Is 59094611 a prime number?
False
Is 11922254 a composite number?
True
Is 25109465 a composite number?
True
Is 7218973 composite?
False
Is 952369 composite?
True
Is 12179162 prime?
False
Is 597427 composite?
True
Is 89207981 a composite number?
False
Is 612601 a composite number?
True
Is 119557 prime?
True
Is 5889049 a prime number?
True
Is 194685791 prime?
False
Is 684713 prime?
True
Is 1092851 composite?
False
Is 8102911 a prime number?
False
Is 3469409 a prime number?
False
Is 675817 a composite number?
False
Is 11204359 prime?
False
Is 68994361 composite?
False
Is 38997193 prime?
True
Is 374369 a prime number?
False
Is 93671441 a prime number?
True
Is 372813607 composite?
True
Is 2989757 composite?
False
Is 8145223 a prime number?
True
Is 14457063 a prime number?
False
Is 61910329 a prime number?
False
Is 2521271 composite?
False
Is 530201953 prime?
True
Is 31622347 prime?
True
Is 105515261 prime?
True
Is 267799489 composite?
False
Is 320931383 composite?
False
Is 672019 a composite number?
False
Is 28180459 a prime number?
True
Is 73301777 prime?
False
Is 30820957 a composite number?
False
Is 4166857 a prime number?
False
Is 51463289 a prime number?
True
Is 32074601 composite?
True
Is 37468567 a composite number?
False
Is 1932467 a composite number?
False
Is 24801719 a prime number?
False
Is 12614113 a composite number?
False
Is 1042517 composite?
True
Is 2455139 a prime number?
False
Is 366759673 a composite number?
True
Is 28097383 a prime number?
True
Is 38185178 composite?
True
Is 1949747 a prime number?
False
Is 2043947 prime?
False
Is 14304571 a prime number?
True
Is 43462933 prime?
True
Is 1043 a prime number?
False
Is 3571927 a composite number?
False
Is 7813613 a composite number?
False
Is 1971887 composite?
False
Is 112314745 a composite number?
True
Is 604598303 composite?
False
Is 2689990933 prime?
False
Is 74924623 a composite number?
True
Is 961131 a composite number?
True
Is 11134073 composite?
False
Is 138572561 composite?
False
Is 6135907 a composite number?
True
Is 50406817 a composite number?
False
Is 16279451 composite?
True
Is 19027627 composite?
True
Is 1634987 a composite number?
False
Is 56582651 a prime number?
True
Is 116347531 a prime number?
False
Is 11371967 a composite number?
False
Is 35069817 prime?
False
Is 1201846097 prime?
True
Is 12862583 prime?
True
Is 43708909 a prime number?
True
Is 388801703 composite?
True
Is 429869393 a composite number?
False
Is 96667343 a composite number?
False
Is 20807791 prime?
True
Is 5569066 composite?
True
Is 299062 prime?
False
Is 11766747 prime?
False
Is 2304179 a prime number?
True
Is 529213 a prime number?
True
Is 141802 a composite number?
True
Is 46276861 a prime number?
True
Is 126912521 prime?
True
Is 34896639 prime?
False
Is 6446257 a composite number?
False
Is 22858735 prime?
False
Is 3348767 prime?
True
Is 1560007 composite?
False
Is 71194129 prime?
False
Is 199339801 prime?
True
Is 67260539 a prime number?
True
Is 83848727 a prime number?
True
Is 36471791 prime?
False
Is 4900993 a prime number?
False
Is 84869987 prime?
True
Is 22490329 prime?
True
Is 1218630461 composite?
False
Is 7679221 a composite number?
True
Is 83119253 a prime number?
False
Is 438169 a composite number?
False
Is 4222481 prime?
False
Is 2178667 prime?
False
Is 18702511 a composite number?
True
Is 2653019 prime?
True
Is 47085251 a composite number?
False
Is 8114089 prime?
True
Is 12609077 prime?
False
Is 38032153 a composite number?
False
Is 286373 a composite number?
True
Is 2675587 composite?
False
Is 1280267 composite?
False
Is 6048541 a prime number?
True
Is 12881101 prime?
False
Is 4681199 a prime number?
True
Is 157696018 a prime number?
False
Is 27821713 prime?
True
Is 46051063 composite?
False
Is 117153833 a prime number?
True
Is 1230727 a composite number?
False
Is 40559245 prime?
False
Is 262536433 prime?
False
Is 334561 prime?
True
Is 11956849 prime?
False
Is 3944209 a composite number?
True
Is 23926753 a prime number?
False
Is 2747389 composit